 the greatest common factor of m and 737?
67
Suppose -19*k + 30*k = -99. Let w be 287/(-82)*(k + 1). Calculate the greatest common factor of 1372 and w.
28
Let w(c) = -5*c**2 - 131*c - 1. Let g be w(-7). Suppose 0 = -4*m - i + 313 - 70, -4*m = -i - 245. Calculate the greatest common divisor of g and m.
61
Suppose -109*o - 5*s = -114*o + 4425, -2*s + 6 = 0. Calculate the highest common divisor of o and 96.
24
Let c = 6 + -3. Let r(j) = 19*j**2 - 227*j - 2037. Let g be r(-6). Calculate the greatest common factor of c and g.
3
Let p = -33 - -69. Let o be (-2)/9 + 1268/p. Let d = -55 + 62. What is the greatest common factor of o and d?
7
Let y(l) = -2754*l + 2084. Let v be y(-6). Calculate the highest common divisor of v and 32.
16
Let z be (59/3)/(6/18). Suppose -2*d + 7 = -z. Suppose 0 = -4*g - 4*s + 928, -860 = -4*g - 2*s + 66. Calculate the highest common divisor of d and g.
33
Let l be 724/905 - (1 - (-3484)/(-20)). What is the highest common factor of l and 21054?
174
Suppose 4*l + 5*u - 47 = 0, -80*l = -78*l + u - 31. Suppose k - 293 = 5*f, -5*k - f + 1435 = 4*f. What is the highest common divisor of l and k?
18
Suppose 0 = 2*n - 60*z + 55*z - 5600, -5*n - 5*z = -14035. What is the greatest common factor of n and 170?
85
Let q(r) = -32*r + 2222. Let y be q(65). What is the greatest common factor of 15478 and y?
142
Let g(a) = -22*a**2 + 287*a - 11. Let u be g(13). Calculate the highest common factor of u and 2302.
2
Let k = -502 - -519. Suppose -20 = -k*u + 4468. Suppose -3*w + 33 + 39 = 2*b, 2*b = 4*w - 96. What is the highest common divisor of u and w?
24
Let l = 1021 - 832. What is the highest common factor of 2961 and l?
63
Let j(s) = -6*s - 16. Let c be j(-3). Let k be (18/30)/(c/170). Calculate the highest common divisor of 51 and k.
51
Let i(s) = -21*s + 1. Let f be i(-1). Suppose -w + 0*w + 47 = g, -5*g - 3*w = -229. What is the highest common divisor of f and g?
22
Let l be 5186 + (140/10 - 17). Calculate the greatest common factor of l and 73.
73
Suppose -83 + 979 = 16*v. Let m = 97 - v. Calculate the greatest common divisor of m and 205.
41
Let f(q) = -q**2 - 19*q + 155. Let o be f(-25). Calculate the greatest common factor of o and 1385.
5
Let t be ((-1071)/(-34))/(-7)*930/(-9). Calculate the greatest common factor of 45 and t.
15
Suppose 16 = -4*x, 3*g - 4*x - 110 = g. Let j = g - 3. What is the greatest common divisor of j and 132?
44
Suppose 0*z - 2*z + 70 = 0. Let y be (-2)/(-5) - (-7)/(z/(-27)). Let j be (-87)/(-6) - y/(-10). Calculate the greatest common factor of 7 and j.
7
Let w(t) = t**3 - 3*t**2 - 47*t + 236. Let h be w(5). What is the highest common factor of 85 and h?
17
Suppose -96 = 5*w - 346. Let x(y) = 1383*y - 3899. Let g be x(3). What is the greatest common divisor of w and g?
50
Let d(m) = m**2 - 4*m - 2. Let l be d(-3). Suppose a - 3*b = 157 + 411, -4*a = 14*b - 2454. Calculate the greatest common factor of a and l.
19
Suppose 42*s - 46411 = -35*s + 357916. What is the highest common divisor of s and 89?
89
Let m(i) = i**3 - 6*i**2 - 6*i - 3. Let h be m(7). Suppose -21*b + 437 = -3679. What is the greatest common divisor of b and h?
4
Let o(t) = -7*t**3 - 3*t**2 + 7*t - 1. Let s be o(-5). Let r = s + -544. Calculate the highest common factor of r and 55.
55
Suppose 0 = -3*v + v. Suppose -5*j + 179 - 39 = v. Let k(s) = s**2 + 8*s + 44. Let f be k(-18). Calculate the highest common factor of f and j.
28
Suppose h - 34 + 1 = 0. Let i = 45 + h. Suppose -146*g = 203*g - 236*g - 2938. Calculate the highest common factor of g and i.
26
Let s be (1 - 4)*((-24)/8 + 2). Suppose s*r = -4*d + 204, 4*r + 182 = 4*d + 6. What is the highest common factor of 528 and d?
48
Let t be 868/93 - 2/(-3). Suppose t*n - 144 = n. What is the highest common divisor of n and 80?
16
Let o(n) = 3*n**2 + n + 106. Let u be o(-9). Let l(x) = 20*x**3 + x**2 - 2*x + 1. Let q be l(1). Calculate the greatest common divisor of q and u.
20
Suppose -4*q - 4*x + 58 = -6, 5*x = -2*q + 23. Suppose 0 = -14*p + q*p. Suppose -13*r + 2630 + 2401 = p. What is the highest common factor of 43 and r?
43
Let n be (2 - 0)*118/(-4). Let y(h) = -5*h + 201. Let l be y(23). Let a = n + l. Calculate the greatest common divisor of a and 81.
27
Let d(o) = 191*o - 8290. Let w be d(52). Calculate the greatest common factor of 8 and w.
2
Let b = -7325 + 11509. Calculate the greatest common factor of 16 and b.
8
Suppose -3655*l + 3649*l = -630. Let f = -3 + 7. Suppose -49 = -3*j - f. Calculate the greatest common divisor of l and j.
15
Let y(u) = 2*u**2 - 6*u - 4. Let q be y(6). Let i be (25 + -28)*2/(-3). Let t be (3/7*i)/((-12)/(-56)). What is the greatest common divisor of t and q?
4
Suppose 148 - 36 = 14*z. Let a(o) = 20*o**2 - 149*o + 2. Let p be a(z). Calculate the highest common factor of 50 and p.
10
Let t(p) = -304 + 244 + 3*p**2 - 22*p + 203 - 23*p. Let b be t(4). Let s(y) = 2*y + 1. Let d be s(5). What is the highest common divisor of b and d?
11
Suppose 0 = 7*y - 99 - 55. Suppose 50 - 930 = -5*i. What is the highest common divisor of i and y?
22
Let z be (2/(-7))/(2/(-1246)). Suppose -4*n - 254 = -5*t, -7*t + z = -4*t + 4*n. What is the highest common factor of t and 42?
6
Let d(z) = 21*z - 121. Suppose -4*n = -2*q + 22, -2*n + 10 = -2*q + 28. Let b be d(q). What is the greatest common divisor of 533 and b?
13
Let s = 574 + -157. Let c = -3535 + 3541. Suppose s = c*m + 33. What is the highest common divisor of 96 and m?
32
Let s = 154 - 151. Let l be 140*((-15)/(-25) + s/(-30)). Let b = 22 + 6. What is the highest common factor of l and b?
14
Let q = 41 + -12. Suppose 5*d - 5*p + 2029 = -3*p, 3*d + 1212 = 3*p. Let h = -233 - d. Calculate the greatest common divisor of q and h.
29
Let o(i) = 4 + i**3 + i + 5*i**2 + 0*i**2 + 0*i**2 + i**2. Let l be o(-5). Let m = 33 - l. Calculate the greatest common factor of m and 36.
9
Suppose -439*h - 4 = -438*h. Let g be (3*7/h)/((-5)/20). What is the highest common factor of g and 336?
21
Let j be ((-11)/(-11))/(1/7). Suppose -g + j = -4*d, 5*d - 20 = -3*g + 18. What is the highest common divisor of 649 and g?
11
Let a be 60*(-1 + -6 - 264/(-36)). Suppose -2*d + 440 = 2*d. What is the greatest common factor of d and a?
10
Let l = -7187 + 7556. What is the highest common divisor of l and 287?
41
Let q(f) = -5*f**2 - 10*f + 23. Let v(c) = -6*c**2 - 11*c + 23. Let d(o) = 7*q(o) - 6*v(o). Let p be d(9). What is the highest common divisor of 8 and p?
4
Suppose -2 = f - q, -f - 3*q = f - 21. Let w be 13 + -1 - 12/2. Suppose 15*s = w*s + 189. What is the highest common factor of s and f?
3
Let n be ((-50)/(-100))/((-1)/(-132)). Let i be (1968/n - 9) + 4/22. Let s(f) = 2*f**3 + 2*f + 1. Let w be s(2). What is the highest common divisor of i and w?
21
Let t be 1*((-42)/28)/1 - 2022/(-4). Calculate the greatest common divisor of 2136 and t.
24
Suppose 0 = -8*m - 0*m - 56. Let t(k) = -3*k**2 - 15 + 4*k**2 + 5*k + 14 + 11. Let o be t(m). Calculate the greatest common factor of 72 and o.
24
Suppose 0 = -50*c + 52*c - 510. Let h = c + -228. What is the greatest common factor of 12 and h?
3
Let y = -4614 - -4664. What is the greatest common factor of y and 2650?
50
Suppose -2*u - 11*y = -655, -5*u + 8*u - 885 = 3*y. Calculate the greatest common factor of 135 and u.
15
Let f(n) = 5*n - 9. Let s be f(3). Suppose -s*a + 28 = a. Suppose 3*y + 3*j - 18 = 0, a*j + 22 = y + j. Calculate the greatest common factor of 2 and y.
2
Suppose 3*q + 2*y - 109 = 0, 7*y + 70 = 2*q + 9*y. What is the highest common factor of 69 and q?
3
Suppose 2*x + 6*u - 26 = u, 0 = -3*x + u + 5. Suppose -4*q = 3*c - 325, -3*q - x*c - 27 = -267. Let g = 71 - 54. What is the greatest common divisor of g and q?
17
Let n be (99/(-6))/((-3)/4). Suppose -17*p = 2782 - 8361 - 5267. What is the greatest common factor of n and p?
22
Suppose -1514 = -19*z + 234. Let n = z + -47. Calculate the highest common divisor of n and 120.
15
Let s(a) = 5*a**2 + 10*a + 5. Let v be s(-4). What is the highest common factor of 2205 and v?
45
Let i = -3045 + 3275. What is the highest common factor of 190 and i?
10
Let w = -54 - -56. Suppose -2*z - 32 = k + w*z, -k - 2*z - 36 = 0. Let g be k/15*99/(-6). Calculate the greatest common divisor of g and 4.
4
Suppose 3*l = 2*c + 800, -2*l + 0*l